1?
-130423220
In base 5, what is 1132 - -3422?
10104
In base 3, what is -210 + -212200020?
-212201000
In base 2, what is 10 - -100011101000010?
100011101000100
In base 15, what is 9063 + 5?
9068
In base 13, what is 9c4 + -36?
98b
In base 3, what is 2110101002 + -211?
2110100021
In base 14, what is 9432 + -6?
942a
In base 6, what is -1555043 - -4?
-1555035
In base 9, what is -13820 + -8?
-13828
In base 5, what is -102123 - 11?
-102134
In base 16, what is 1d9f7 + -4?
1d9f3
In base 12, what is 592 + 1626?
1bb8
In base 2, what is -10010011001000100 + 11?
-10010011001000001
In base 13, what is -406a4 - 0?
-406a4
In base 10, what is 36674 + 5?
36679
In base 3, what is 11 - 1022010?
-1021222
In base 12, what is 22881 + 3?
22884
In base 9, what is 27 + -128217?
-128180
In base 5, what is -443 + 1021?
23
In base 2, what is -11 - 1101100100000101?
-1101100100001000
In base 9, what is -2 - -14632?
14630
In base 15, what is 132496 - 5?
132491
In base 3, what is 0 - 1112112000?
-1112112000
In base 16, what is 653 + df?
732
In base 3, what is -222200201 + 12?
-222200112
In base 15, what is -e155 - 0?
-e155
In base 5, what is -232 - -12341?
12104
In base 3, what is 202110022 - 122?
202102200
In base 13, what is -11b16 - -5?
-11b11
In base 6, what is 400 - 14?
342
In base 8, what is 130 - -117557?
117707
In base 15, what is 3 - 3e4?
-3e1
In base 4, what is -301223 - 13?
-301302
In base 13, what is -7 - -197?
190
In base 4, what is 3302 - -1131121?
1201023
In base 11, what is 3 + -78a30?
-78a28
In base 2, what is 10111001010001 + -111111?
10111000010010
In base 16, what is 3 - -57ce?
57d1
In base 8, what is -1 + -357333?
-357334
In base 12, what is -3 - -194851?
19484a
In base 14, what is 825d - c?
8251
In base 8, what is 50030 - 5?
50023
In base 11, what is 1a4116 - -6?
1a4121
In base 7, what is -1320 - -1111?
-206
In base 3, what is -1202 + 20212022?
20210120
In base 12, what is -b - -342b6?
342a7
In base 15, what is -123e2 + -3?
-123e5
In base 15, what is 3 + -3453?
-3450
In base 15, what is 502 + -100?
402
In base 12, what is 1074 - -42?
10b6
In base 6, what is -2352 - 1302?
-4054
In base 3, what is 10000 - -10?
10010
In base 14, what is 2a878c + 3?
2a8791
In base 8, what is -2670 + -522?
-3412
In base 5, what is 1 - -2413031?
2413032
In base 6, what is -15 + -14003545?
-14004004
In base 5, what is -22204 - 110?
-22314
In base 14, what is -5 - 483d?
-4844
In base 15, what is 15432c - 5?
154327
In base 12, what is 7b + 2713?
2792
In base 9, what is -2 - 50137?
-50140
In base 11, what is -1714 + a3?
-1621
In base 4, what is -11113112 + 2?
-11113110
In base 15, what is -252 - -b20?
8bd
In base 8, what is -120545 + 71?
-120454
In base 16, what is 91b9 - 32?
9187
In base 8, what is 20036705 - -5?
20036712
In base 11, what is -3 + -35a8?
-3600
In base 4, what is -13002 - 2012?
-21020
In base 14, what is 754b3 - -1?
754b4
In base 8, what is 761474 + 4?
761500
In base 3, what is 2120201 + -11?
2120120
In base 6, what is -11100521 + -5?
-11100530
In base 2, what is -1110010011110 + -100000100?
-1110110100010
In base 12, what is -77752 - -5?
-77749
In base 8, what is -1601 - 4733?
-6534
In base 4, what is -2213030323 - -2?
-2213030321
In base 11, what is 30 + -929?
-8a9
In base 2, what is -10 + 10000111110011?
10000111110001
In base 12, what is 31 + -b534?
-b503
In base 10, what is 3 - -1119?
1122
In base 10, what is -1300 + 211?
-1089
In base 5, what is -30024 - -22314?
-2210
In base 14, what is 5806 - -1?
5807
In base 14, what is 2 - -163b?
163d
In base 13, what is 11 - -5555?
5566
In base 2, what is 101000 - 111110010000?
-111101101000
In base 6, what is 1415403 + -124?
1415235
In base 6, what is 1113155 + -33?
1113122
In base 9, what is -14 - 35476?
-35501
In base 15, what is -bb + 4484?
43b8
In base 7, what is -620 - 1214?
-2134
In base 6, what is -13552 - -4252?
-5300
In base 9, what is 1 + 17534?
17535
In base 10, what is -1048 - -26?
-1022
In base 5, what is -44043101 - -20?
-44043031
In base 5, what is -101 + 2102?
2001
In base 4, what is -100120 - 10232?
-111012
In base 15, what is a - 25e9?
-25de
In base 10, what is -3498 + -1?
-3499
In base 2, what is -10 - -110000101011111?
110000101011101
In base 6, what is 5 - 315?
-310
In base 7, what is 644 + -340?
304
In base 13, what is 1a - 2612b?
-26111
In base 12, what is 1a + 74829?
74847
In base 13, what is -1ab - 1524?
-1702
In base 9, what is -4 - 31072?
-31076
In base 7, what is 53 - 413?
-330
In base 14, what is -38a - -363?
-27
In base 15, what is -976 + b?
-96a
In base 10, what is 425581 + -2?
425579
In base 8, what is -11326 - -461?
-10645
In base 14, what is 2 - -2988b?
2988d
In base 10, what is 3 + -436914?
-436911
In base 14, what is -48003c - -5?
-480037
In base 13, what is -3 + 428436?
428433
In base 14, what is -78a3 - -1?
-78a2
In base 8, what is 50 - -63244?
63314
In base 13, what is -7 + -234c3?
-234ca
In base 9, what is 74 - 523?
-438
In base 7, what is 652 - -13515?
14500
In base 4, what is -2232 - 11?
-2303
In base 9, what is -164 + -56?
-231
In base 10, what is 53 - -104?
157
In base 16, what is bdf1 + -5?
bdec
In base 3, what is -20 + -100000121022?
-100000121112
In base 15, what is -c3b + -198?
-dd4
In base 9, what is 3 + -37480?
-37476
In base 9, what is 46716 + -1?
46715
In base 2, what is 1000000010001111 - -101001?
1000000010111000
In base 12, what is -31a + -6a?
-388
In base 5, what is -14 + 210013?
204444
In base 16, what is 215f7 + -2?
215f5
In base 13, what is 4209 - 2?
4207
In base 15, what is 643 - -312?
955
In base 2, what is -101100 - 100101101011?
-100110010111
In base 16, what is -3da + 18?
-3c2
In base 9, what is 0 - -351428?
351428
In base 6, what is -300122 - -24?
-300054
In base 6, what is -1002105 - 2?
-1002111
In base 14, what is 678a + -46?
6744
In base 4, what is 20103103021 + 0?
20103103021
In base 7, what is -34 - -2213?
2146
In base 8, what is 21 + 5407?
5430
In base 6, what is -2 - 2245400?
-2245402
In base 16, what is 54e + 37?
585
In base 13, what is -630 + 47?
-5b6
In base 8, what is 24550 + 54?
24624
In base 14, what is d9 + -12bd?
-11c4
In base 2, what is -1011010 - 10010001?
-11101011
In base 10, what is -1395 + -18?
-1413
In base 7, what is -1061463 - 2?
-1061465
In base 3, what is 102 - 2110020?
-2102211
In base 11, what is 4 - -559?
562
In base 14, what is -bd3 - 5?
-bd8
In base 16, what is -28 - -db2?
d8a
In base 5, what is 4 - 1404201?
-1404142
In base 3, what is 1002012220001 - -12?
1002012220020
In base 3, what is -1221212 - -1021?
-1220121
In base 10, what is 16027 + -325?
15702
In base 16, what is -1bc + 7d?
-13f
In base 5, what is -102404 + 10424?
-41430
In base 13, what is 218 + 157?
372
In base 7, what is -553430 + -1?
-553431
In base 7, what is -263 + -153?
-446
In base 5, what is 131200 - -2?
131202
In base 13, what is -43 - -555?
512
In base 16, what is 6f6f - 0?
6f6f
In base 4, what is -10030211 + -10?
-10030221
In base 3, what is -10 + -1100101120?
-1100101200
In base 11, what is 17 + 2519a?
25206
In base 11, what is 10 + 108a4?
10904
In base 13, what is -6ac + -162?
-841
In base 4, what is 10222020131 - 1?
10222020130
In base 16, what is -1 - -b8f?
b8e
In base 8, what is 6 + 176656?
176664
In base 16, what is -f0 - -1eb0?
1dc0
In base 7, what is -331522 - 2?
-331524
In base 15, what is 5d0be - 0?
5d0be
In base 4, what is 22222 - -20?
22302
In base 12, what is 1433 - b?
1424
In base 6, what is 4 + 4115240?
4115244
In base 16, what is -4779 + -4?
-477d
In base 2, what is 11110111010 - 10111?
11110100011
In base 2, what is 100000 + -11001010?
-10101010
In base 2, what is -11110 + -10001011101110101?
-10001011110010011
In base 9, what is -417 + 263?
-144
In base 7, what is 0 - -205526?
205526
In base 9, what is 14 + -420?
-405
In base 15, what is 11 - 51227?
-51216
In base 7, what is 525 - 5053?
-4225
In base 16, what is -29925 + 27?
-298fe
In base 8, what is -40 - -1377?
1337
In base 16, what is 13 + -180?
-16d
In base 4, what is -1222 + -2320?
-10202
In base 16, what is -58bb - 2?
-58bd
In base 7, what is 3543 - -1?
3544
In base 8, what is 753 + 1161?
2134
In base 12, what is 5 - -3546?
354b
In base 11, what is -24a86 + -16?
-24aa1
In base 15, what is -249c4 + 7?
-249bc
In base 11, what is 629 - -155?
783
In base 9, what is -1655 + -13